on divisor of 51 and 476.
17
What is the highest common divisor of 656 and 123?
41
Calculate the highest common divisor of 1105 and 510.
85
What is the greatest common divisor of 136 and 104?
8
Calculate the greatest common factor of 24 and 3288.
24
Calculate the highest common factor of 84 and 364.
28
What is the highest common factor of 7533 and 93?
93
Calculate the highest common factor of 1566 and 162.
54
What is the highest common divisor of 6300 and 500?
100
What is the highest common factor of 357 and 1575?
21
What is the highest common factor of 392 and 336?
56
Calculate the greatest common factor of 303 and 1717.
101
Calculate the greatest common factor of 2074 and 2684.
122
What is the highest common divisor of 7617 and 6?
3
What is the greatest common factor of 2492 and 56?
28
Calculate the highest common factor of 3066 and 168.
42
What is the greatest common divisor of 45 and 25?
5
Calculate the greatest common factor of 132 and 198.
66
What is the highest common divisor of 8172 and 72?
36
What is the greatest common factor of 2624 and 820?
164
Calculate the highest common factor of 27 and 1728.
27
Calculate the highest common factor of 34 and 425.
17
Calculate the highest common factor of 5143 and 74.
37
What is the greatest common factor of 2632 and 84?
28
Calculate the highest common divisor of 504 and 144.
72
Calculate the greatest common divisor of 12 and 93804.
12
Calculate the greatest common factor of 7792 and 24.
8
Calculate the highest common divisor of 2236 and 43.
43
Calculate the greatest common divisor of 180 and 2070.
90
What is the highest common divisor of 10 and 2?
2
What is the highest common factor of 24 and 67032?
24
What is the highest common factor of 3128 and 272?
136
Calculate the highest common factor of 13544 and 32.
8
Calculate the highest common divisor of 45 and 1215.
45
What is the highest common factor of 17 and 731?
17
Calculate the highest common factor of 54 and 396.
18
What is the greatest common factor of 51 and 9?
3
What is the highest common factor of 77 and 7931?
77
What is the greatest common divisor of 24 and 600?
24
What is the highest common factor of 612 and 8772?
204
Calculate the highest common factor of 780 and 60.
60
Calculate the greatest common factor of 6554 and 58.
58
Calculate the greatest common divisor of 128 and 16.
16
What is the highest common factor of 8 and 328?
8
Calculate the greatest common factor of 16132 and 296.
148
Calculate the greatest common factor of 4 and 5062.
2
Calculate the highest common factor of 1088 and 1836.
68
Calculate the highest common divisor of 30 and 5910.
30
Calculate the greatest common factor of 3420 and 18.
18
What is the greatest common divisor of 200 and 280?
40
What is the greatest common factor of 24 and 18?
6
Calculate the greatest common divisor of 22 and 20658.
22
What is the greatest common factor of 832 and 13?
13
Calculate the highest common divisor of 320 and 72.
8
What is the highest common divisor of 133 and 475?
19
Calculate the highest common factor of 4396 and 28.
28
What is the greatest common factor of 36 and 6228?
36
Calculate the highest common factor of 156 and 234.
78
Calculate the greatest common divisor of 553 and 474.
79
Calculate the greatest common factor of 108 and 1566.
54
Calculate the highest common factor of 201 and 871.
67
What is the greatest common divisor of 3096 and 4?
4
Calculate the highest common factor of 8016 and 48.
48
Calculate the highest common factor of 3132 and 108.
108
Calculate the highest common factor of 420 and 4.
4
Calculate the greatest common factor of 4444 and 132.
44
Calculate the greatest common factor of 2275 and 175.
175
Calculate the greatest common divisor of 4 and 2.
2
What is the highest common divisor of 12 and 48?
12
Calculate the highest common divisor of 2536 and 8.
8
What is the greatest common divisor of 16 and 656?
16
What is the greatest common divisor of 260 and 1768?
52
Calculate the greatest common factor of 144 and 2655.
9
Calculate the greatest common divisor of 1290 and 330.
30
What is the highest common factor of 507 and 39?
39
What is the highest common factor of 24375 and 750?
375
What is the greatest common factor of 287 and 847?
7
Calculate the greatest common factor of 184 and 23.
23
What is the greatest common factor of 20 and 24660?
20
What is the greatest common factor of 25 and 725?
25
What is the highest common divisor of 750 and 60?
30
Calculate the highest common factor of 47 and 517.
47
Calculate the highest common factor of 28 and 308.
28
Calculate the highest common factor of 7 and 560.
7
Calculate the greatest common factor of 50 and 490.
10
What is the highest common divisor of 4 and 238?
2
Calculate the greatest common factor of 147 and 21.
21
Calculate the highest common divisor of 902 and 66.
22
What is the greatest common factor of 297 and 165?
33
Calculate the greatest common divisor of 81 and 1161.
27
Calculate the highest common factor of 493 and 87.
29
Calculate the highest common factor of 392 and 294.
98
What is the greatest common factor of 36 and 1602?
18
What is the greatest common factor of 266 and 342?
38
Calculate the highest common divisor of 623 and 267.
89
What is the greatest common divisor of 3 and 8193?
3
Calculate the highest common divisor of 625 and 25.
25
What is the greatest common factor of 128 and 12?
4
What is the highest common divisor of 17182 and 44?
22
Calculate the greatest common factor of 416 and 52.
52
Calculate the greatest common divisor of 208 and 64.
16
What is the greatest common factor of 144 and 936?
72
Calculate the greatest common factor of 3060 and 1870.
170
What is the highest common divisor of 1225 and 35?
35
Calculate the highest common divisor of 168 and 1068.
12
Calculate the greatest common divisor of 105 and 595.
35
What is the greatest common factor of 217 and 7?
7
Calculate the highest common factor of 11954 and 344.
86
Calculate the highest common divisor of 121 and 33.
11
Calculate the highest common factor of 132 and 55.
11
What is the highest common divisor of 160 and 5?
5
What is the greatest common factor of 106 and 53?
53
Calculate the highest common factor of 309 and 12463.
103
Calculate the greatest common factor of 66 and 2706.
66
Calculate the highest common factor of 25 and 475.
25
Calculate the greatest common factor of 91 and 7.
7
What is the highest common factor of 242 and 2?
2
What is the highest common divisor of 3 and 13?
1
Calculate the greatest common divisor of 61 and 1.
1
What is the highest common divisor of 5 and 15835?
5
What is the highest common factor of 255 and 75?
15
Calculate the highest common divisor of 49 and 11858.
49
Calculate the highest common factor of 24888 and 408.
408
What is the highest common factor of 8 and 1260?
4
What is the highest common divisor of 1624 and 504?
56
What is the highest common divisor of 150 and 120?
30
What is the highest common divisor of 2560 and 60?
20
What is the greatest common factor of 1302 and 126?
42
What is the highest common factor of 980 and 60?
20
What is the highest common divisor of 671 and 11?
11
What is the highest common divisor of 2232 and 180?
36
Calculate the highest common factor of 115 and 3565.
115
Calculate the greatest common factor of 1253 and 56.
7
What is the highest common divisor of 17 and 3434?
17
What is the greatest common divisor of 2856 and 17?
17
Calculate the highest common divisor of 897 and 78.
39
Calculate the greatest common factor of 28 and 8610.
14
Calculate the greatest common factor of 824 and 309.
103
Calculate the highest common factor of 53 and 1431.
53
Calculate the highest common divisor of 304 and 3800.
152
Calculate the highest common factor of 138 and 24.
6
What is the greatest common factor of 4736 and 4?
4
What is the highest common divisor of 296 and 37?
37
What is the highest common factor of 44 and 506?
22
What is the greatest common factor of 72 and 108?
36
What is the greatest common factor of 81 and 36?
9
Calculate the highest common divisor of 1227 and 12.
3
What is the highest common divisor of 3741 and 645?
129
Calculate the highest common divisor of 66 and 5522.
22
Calculate the greatest common divisor of 186 and 32271.
93
What is the highest common factor